{"id":718,"date":"2024-07-08T06:22:18","date_gmt":"2024-07-08T06:22:18","guid":{"rendered":"https:\/\/dpsample.com\/wp_themes\/restimo\/?page_id=718"},"modified":"2025-09-13T08:40:28","modified_gmt":"2025-09-13T08:40:28","slug":"about-us","status":"publish","type":"page","link":"https:\/\/restaurant-wildermann.at\/?page_id=718","title":{"rendered":"\u00dcber uns"},"content":{"rendered":"\t\t<div data-elementor-type=\"wp-page\" data-elementor-id=\"718\" class=\"elementor elementor-718\">\n\t\t\t\t<div class=\"elementor-element elementor-element-098f7e4 e-flex e-con-boxed e-con e-parent\" data-id=\"098f7e4\" data-element_type=\"container\" data-e-type=\"container\" data-settings=\"{&quot;background_background&quot;:&quot;classic&quot;}\">\n\t\t\t\t\t<div class=\"e-con-inner\">\n\t\t<div class=\"elementor-element elementor-element-04e2535 e-con-full e-flex e-con e-child\" data-id=\"04e2535\" data-element_type=\"container\" data-e-type=\"container\">\n\t\t<div class=\"elementor-element elementor-element-d53ab70 e-con-full e-flex e-con e-child\" data-id=\"d53ab70\" data-element_type=\"container\" data-e-type=\"container\">\n\t\t\t\t<div class=\"elementor-element elementor-element-93e3bc9 elementor-widget elementor-widget-image\" data-id=\"93e3bc9\" data-element_type=\"widget\" data-e-type=\"widget\" data-widget_type=\"image.default\">\n\t\t\t\t\t\t\t\t\t\t\t\t\t\t\t<img fetchpriority=\"high\" decoding=\"async\" width=\"683\" height=\"1024\" src=\"https:\/\/restaurant-wildermann.at\/wp-content\/uploads\/2025\/08\/wilder-mann-about-us-1-683x1024.jpg\" class=\"attachment-large size-large wp-image-7755\" alt=\"\" srcset=\"https:\/\/restaurant-wildermann.at\/wp-content\/uploads\/2025\/08\/wilder-mann-about-us-1-683x1024.jpg 683w, https:\/\/restaurant-wildermann.at\/wp-content\/uploads\/2025\/08\/wilder-mann-about-us-1-200x300.jpg 200w, https:\/\/restaurant-wildermann.at\/wp-content\/uploads\/2025\/08\/wilder-mann-about-us-1-768x1152.jpg 768w, https:\/\/restaurant-wildermann.at\/wp-content\/uploads\/2025\/08\/wilder-mann-about-us-1-1024x1536.jpg 1024w, https:\/\/restaurant-wildermann.at\/wp-content\/uploads\/2025\/08\/wilder-mann-about-us-1.jpg 1365w\" sizes=\"(max-width: 683px) 100vw, 683px\" \/>\t\t\t\t\t\t\t\t\t\t\t\t\t\t\t<\/div>\n\t\t\t\t<\/div>\n\t\t<div class=\"elementor-element elementor-element-3e318dd e-con-full e-flex e-con e-child\" data-id=\"3e318dd\" data-element_type=\"container\" data-e-type=\"container\">\n\t\t\t\t<div class=\"elementor-element elementor-element-d60e7df e-transform elementor-widget elementor-widget-image\" data-id=\"d60e7df\" data-element_type=\"widget\" data-e-type=\"widget\" data-settings=\"{&quot;_transform_rotateZ_effect&quot;:{&quot;unit&quot;:&quot;px&quot;,&quot;size&quot;:&quot;&quot;,&quot;sizes&quot;:[]},&quot;_transform_rotateZ_effect_tablet&quot;:{&quot;unit&quot;:&quot;deg&quot;,&quot;size&quot;:&quot;&quot;,&quot;sizes&quot;:[]},&quot;_transform_rotateZ_effect_mobile&quot;:{&quot;unit&quot;:&quot;deg&quot;,&quot;size&quot;:&quot;&quot;,&quot;sizes&quot;:[]}}\" data-widget_type=\"image.default\">\n\t\t\t\t\t\t\t\t\t\t\t\t\t\t\t<img decoding=\"async\" width=\"584\" height=\"427\" src=\"https:\/\/restaurant-wildermann.at\/wp-content\/uploads\/2025\/08\/wilder-mann-logo-png.png\" class=\"attachment-full size-full wp-image-7744\" alt=\"\" srcset=\"https:\/\/restaurant-wildermann.at\/wp-content\/uploads\/2025\/08\/wilder-mann-logo-png.png 584w, https:\/\/restaurant-wildermann.at\/wp-content\/uploads\/2025\/08\/wilder-mann-logo-png-300x219.png 300w\" sizes=\"(max-width: 584px) 100vw, 584px\" \/>\t\t\t\t\t\t\t\t\t\t\t\t\t\t\t<\/div>\n\t\t\t\t<div class=\"elementor-element elementor-element-00871d2 elementor-widget elementor-widget-iheading\" data-id=\"00871d2\" data-element_type=\"widget\" data-e-type=\"widget\" data-widget_type=\"iheading.default\">\n\t\t\t\t<div class=\"elementor-widget-container\">\n\t\t\t\t\t\t\t<div class=\"xp-heading\">\r\n\t        <span class=\"\">\u00dcber uns<\/span>\t        <h2 class=\"main-head\">Die Sage vom \u201eWilden Mann\u201d<\/h2>\t    <\/div>\r\n\t    \t\t\t\t<\/div>\n\t\t\t\t<\/div>\n\t\t\t\t<div class=\"elementor-element elementor-element-a75e937 border_clr elementor-widget-divider--separator-type-pattern elementor-widget-divider--view-line elementor-widget elementor-widget-divider\" data-id=\"a75e937\" data-element_type=\"widget\" data-e-type=\"widget\" data-widget_type=\"divider.default\">\n\t\t\t\t\t\t\t<div class=\"elementor-divider\" style=\"--divider-pattern-url: url(&quot;data:image\/svg+xml,%3Csvg xmlns=&#039;http:\/\/www.w3.org\/2000\/svg&#039; preserveAspectRatio=&#039;none&#039; overflow=&#039;visible&#039; height=&#039;100%&#039; viewBox=&#039;0 0 24 24&#039; fill=&#039;none&#039; stroke=&#039;black&#039; stroke-width=&#039;1&#039; stroke-linecap=&#039;square&#039; stroke-miterlimit=&#039;10&#039;%3E%3Cpath d=&#039;M0,6c6,0,6,13,12,13S18,6,24,6&#039;\/%3E%3C\/svg%3E&quot;);\">\n\t\t\t<span class=\"elementor-divider-separator\">\n\t\t\t\t\t\t<\/span>\n\t\t<\/div>\n\t\t\t\t\t\t<\/div>\n\t\t\t\t<div class=\"elementor-element elementor-element-56104d0 elementor-widget elementor-widget-text-editor\" data-id=\"56104d0\" data-element_type=\"widget\" data-e-type=\"widget\" data-widget_type=\"text-editor.default\">\n\t\t\t\t\t\t\t\t\t<p>Es handelt sich hier um die Sage der Entstehung unseres Gasthauses die wir Ihnen, mit einem Augenzwinkern, nat\u00fcrlich nicht vorenthalten wollen.<\/p>\t\t\t\t\t\t\t\t<\/div>\n\t\t\t\t<div class=\"elementor-element elementor-element-f1fdb4a elementor-align-center elementor-widget elementor-widget-ibutton\" data-id=\"f1fdb4a\" data-element_type=\"widget\" data-e-type=\"widget\" data-widget_type=\"ibutton.default\">\n\t\t\t\t<div class=\"elementor-widget-container\">\n\t\t\t\t\t\t\t<div class=\"xp-button\">\r\n\t\t\t<a href=\"https:\/\/restaurant-wildermann.at\/?page_id=2315\" class=\"xptf-btn xptf-btn-border elementor-animation-float\">Speisekarte<\/a>\r\n\t    <\/div>\r\n\t    \t\t\t\t<\/div>\n\t\t\t\t<\/div>\n\t\t\t\t<\/div>\n\t\t<div class=\"elementor-element elementor-element-ffb4526 e-con-full e-flex e-con e-child\" data-id=\"ffb4526\" data-element_type=\"container\" data-e-type=\"container\">\n\t\t\t\t<div class=\"elementor-element elementor-element-04ae6e7 e-transform elementor-widget elementor-widget-image\" data-id=\"04ae6e7\" data-element_type=\"widget\" data-e-type=\"widget\" data-settings=\"{&quot;_transform_flipX_effect&quot;:&quot;transform&quot;}\" data-widget_type=\"image.default\">\n\t\t\t\t\t\t\t\t\t\t\t\t\t\t\t<img decoding=\"async\" width=\"641\" height=\"1024\" src=\"https:\/\/restaurant-wildermann.at\/wp-content\/uploads\/2025\/08\/wilder-mann-about-us-2-641x1024.jpg\" class=\"attachment-large size-large wp-image-7756\" alt=\"\" srcset=\"https:\/\/restaurant-wildermann.at\/wp-content\/uploads\/2025\/08\/wilder-mann-about-us-2-641x1024.jpg 641w, https:\/\/restaurant-wildermann.at\/wp-content\/uploads\/2025\/08\/wilder-mann-about-us-2-188x300.jpg 188w, https:\/\/restaurant-wildermann.at\/wp-content\/uploads\/2025\/08\/wilder-mann-about-us-2-768x1228.jpg 768w, https:\/\/restaurant-wildermann.at\/wp-content\/uploads\/2025\/08\/wilder-mann-about-us-2-961x1536.jpg 961w, https:\/\/restaurant-wildermann.at\/wp-content\/uploads\/2025\/08\/wilder-mann-about-us-2.jpg 1281w\" sizes=\"(max-width: 641px) 100vw, 641px\" \/>\t\t\t\t\t\t\t\t\t\t\t\t\t\t\t<\/div>\n\t\t\t\t<\/div>\n\t\t\t\t<\/div>\n\t\t\t\t\t<\/div>\n\t\t\t\t<\/div>\n\t\t<div class=\"elementor-element elementor-element-e27e5b5 e-flex e-con-boxed e-con e-parent\" data-id=\"e27e5b5\" data-element_type=\"container\" data-e-type=\"container\" data-settings=\"{&quot;background_background&quot;:&quot;classic&quot;}\">\n\t\t\t\t\t<div class=\"e-con-inner\">\n\t\t<div class=\"elementor-element elementor-element-0e19cab e-con-full e-flex e-con e-child\" data-id=\"0e19cab\" data-element_type=\"container\" data-e-type=\"container\">\n\t\t<div class=\"elementor-element elementor-element-e46090f e-con-full e-flex e-con e-child\" data-id=\"e46090f\" data-element_type=\"container\" data-e-type=\"container\">\n\t\t\t\t<div class=\"elementor-element elementor-element-2f819cb elementor-widget__width-initial elementor-widget elementor-widget-iheading\" data-id=\"2f819cb\" data-element_type=\"widget\" data-e-type=\"widget\" data-widget_type=\"iheading.default\">\n\t\t\t\t<div class=\"elementor-widget-container\">\n\t\t\t\t\t\t\t<div class=\"xp-heading\">\r\n\t        <span class=\"\">\u00dcber uns<\/span>\t        <h2 class=\"main-head\">Die Sage vom \u201eWilden Mann\u201d<\/h2>\t    <\/div>\r\n\t    \t\t\t\t<\/div>\n\t\t\t\t<\/div>\n\t\t\t\t<div class=\"elementor-element elementor-element-2b57ca8 border_clr elementor-widget-divider--separator-type-pattern elementor-widget-divider--view-line elementor-widget elementor-widget-divider\" data-id=\"2b57ca8\" data-element_type=\"widget\" data-e-type=\"widget\" data-widget_type=\"divider.default\">\n\t\t\t\t\t\t\t<div class=\"elementor-divider\" style=\"--divider-pattern-url: url(&quot;data:image\/svg+xml,%3Csvg xmlns=&#039;http:\/\/www.w3.org\/2000\/svg&#039; preserveAspectRatio=&#039;none&#039; overflow=&#039;visible&#039; height=&#039;100%&#039; viewBox=&#039;0 0 24 24&#039; fill=&#039;none&#039; stroke=&#039;black&#039; stroke-width=&#039;1&#039; stroke-linecap=&#039;square&#039; stroke-miterlimit=&#039;10&#039;%3E%3Cpath d=&#039;M0,6c6,0,6,13,12,13S18,6,24,6&#039;\/%3E%3C\/svg%3E&quot;);\">\n\t\t\t<span class=\"elementor-divider-separator\">\n\t\t\t\t\t\t<\/span>\n\t\t<\/div>\n\t\t\t\t\t\t<\/div>\n\t\t<div class=\"elementor-element elementor-element-3ac8e71 e-con-full content-tab e-flex e-con e-child\" data-id=\"3ac8e71\" data-element_type=\"container\" data-e-type=\"container\">\n\t\t\t\t<div class=\"elementor-element elementor-element-3297f0f elementor-widget elementor-widget-text-editor\" data-id=\"3297f0f\" data-element_type=\"widget\" data-e-type=\"widget\" data-widget_type=\"text-editor.default\">\n\t\t\t\t\t\t\t\t\t<p data-v-39f8bb84=\"\">Es begab sich, dass im Jahre 1444 der W\u00e4hringer Landknecht Kuno J\u00f6rg Thalheimer von der Schlacht gegen die T\u00fcrken heimkehrte. Auf dem Weg in die westliche Vorstadt Wiens traf er auf einen B\u00e4ren. Der junge Mann erkannte rasch dass der Teufel pers\u00f6nlich die Gestalt des Pelzigen angenommen hatte.<\/p><p data-v-39f8bb84=\"\">Um sein Leben ringend bis der B\u00e4r erschlagen war, brach der Landsknecht ersch\u00f6pft und mit schweren Wunden \u00fcbers\u00e4t zusammen. Als er jedoch die Augen wieder aufschlug, stand abermals der Leibhaftige in H\u00f6llengestalt vor ihm.<\/p><p data-v-39f8bb84=\"\">Doch diesmal schlug er ihm ein Abkommen vor und bot ihm im Gegenzug, bei Erf\u00fcllung, reichliche Belohnung an. Allerdings waren Bedingungen daran gekn\u00fcpft: \u201eWasche und k\u00e4mme dich nicht, sieben volle Jahre lang, sammle alle Steine denen du begegnest und wirf diese auf einen Haufen zusammen und zu guter Letzt darfst du keine andere Kleidung tragen als ein B\u00e4renfell!\u201d<\/p><p data-v-39f8bb84=\"\">Der Landknecht Thalheimer sah keine andere M\u00f6glichkeit und lie\u00df sich auf den Handel ein. Fortan war Kuno, der Unterschlupf in einem leer stehenden Stall am Stadtrand fand, nur noch mit einem B\u00e4renfell bekleidet zu sehen.<\/p><p data-v-39f8bb84=\"\">Das Schicksal wollte es, dass ein wohlhabender Gastwirt aus der Rotenturmstra\u00dfe mit seinen drei T\u00f6chtern am Stadtrand auf Sommerfrische war. Als sie eines Tages auf Kuno trafen, verliebte sich eine der drei T\u00f6chter in den wilden Mann. Sie war von seiner Kraft und Ausdauer angetan. Der Vater jedoch, wie auch die Schwestern verh\u00f6hnten sie deshalb und bestraften sie mit Verachtung. Sie lie\u00df sich von ihrer tiefen Liebe aber in keinster Weise abbringen.<\/p><p data-v-39f8bb84=\"\">Sieben Jahre gingen seit dem Pakt mit dem Teufel ins Land. Kuno hatte sich an die Abmachung gehalten. Deshalb blieb dem Beelzebub nichts mehr anderes \u00fcbrig, als seine Seele wieder freizugeben.<\/p><p data-v-39f8bb84=\"\">Als Kuno sich gewaschen, die Haare und N\u00e4gel geschnitten und sich rasiert hatte, kam er zu seinem Stall zur\u00fcck und sah, dass sich der Haufen gesammelter Steine in pures Gold verwandelt hatte. Als reicher und ehrenhafter Mann ging er mit einem prunkvollen Ring in die Rotenturmstra\u00dfe und hielt um die Hand der Wirtstochter an. Der Vater war pl\u00f6tzlich sehr von der Ver\u00e4nderung angetan und willigte in die Heirat ein.<\/p><p data-v-39f8bb84=\"\">Kuno erwarb sodann, mit seiner Frau, den Gasthof in der W\u00e4hringer Stra\u00dfe 85. Fortan wurde hier nicht nur mehr Wein ausgeschenkt, sondern t\u00e4glich Feste und Tanzreigen veranstaltet.<\/p><p data-v-39f8bb84=\"\">Im Jahr 1884 entstand in der W\u00e4hringer Stra\u00dfe 85 das \u201eWilde Mann Cafe\u201c, welches ab 1950 vom Ehepaar Czehak bis 2009 betrieben wurde.<\/p><p data-v-39f8bb84=\"\">Wir kn\u00fcpfen an diese sagentr\u00e4chtige Tradition an und werden sie im Zeitgeist der 2000er fortf\u00fchren. Dabei wollen wir dem \u201eWilden Mann\u201c mit Keller, K\u00fcche und Gastlichkeit alle Ehre erweisen!<\/p><p data-v-39f8bb84=\"\">Restaurant \u201eWilder Mann\u201c<br data-v-39f8bb84=\"\" \/>& ein aufmerksames Team<\/p>\t\t\t\t\t\t\t\t<\/div>\n\t\t\t\t<\/div>\n\t\t\t\t<\/div>\n\t\t\t\t<\/div>\n\t\t\t\t\t<\/div>\n\t\t\t\t<\/div>\n\t\t<div class=\"elementor-element elementor-element-df53876 e-flex e-con-boxed e-con e-parent\" data-id=\"df53876\" data-element_type=\"container\" data-e-type=\"container\">\n\t\t\t\t\t<div class=\"e-con-inner\">\n\t\t\t\t<div class=\"elementor-element elementor-element-87b910e elementor-widget elementor-widget-image\" data-id=\"87b910e\" data-element_type=\"widget\" data-e-type=\"widget\" data-widget_type=\"image.default\">\n\t\t\t\t\t\t\t\t\t\t\t\t\t\t\t<img loading=\"lazy\" decoding=\"async\" width=\"584\" height=\"764\" src=\"https:\/\/restaurant-wildermann.at\/wp-content\/uploads\/2025\/08\/wilder-mann-story-e1755212356736.png\" class=\"attachment-large size-large wp-image-7918\" alt=\"\" srcset=\"https:\/\/restaurant-wildermann.at\/wp-content\/uploads\/2025\/08\/wilder-mann-story-e1755212356736.png 584w, https:\/\/restaurant-wildermann.at\/wp-content\/uploads\/2025\/08\/wilder-mann-story-e1755212356736-229x300.png 229w\" sizes=\"(max-width: 584px) 100vw, 584px\" \/>\t\t\t\t\t\t\t\t\t\t\t\t\t\t\t<\/div>\n\t\t\t\t\t<\/div>\n\t\t\t\t<\/div>\n\t\t\t\t<\/div>\n\t\t","protected":false},"excerpt":{"rendered":"<p>\u00dcber uns Die Sage vom \u201eWilden Mann\u201d Es handelt sich hier um die Sage der Entstehung unseres Gasthauses die wir Ihnen, mit einem Augenzwinkern, nat\u00fcrlich nicht vorenthalten wollen. Speisekarte \u00dcber uns Die Sage vom \u201eWilden Mann\u201d Es begab sich, dass im Jahre 1444 der W\u00e4hringer Landknecht Kuno J\u00f6rg Thalheimer von der Schlacht gegen die T\u00fcrken [&hellip;]<\/p>\n","protected":false},"author":1,"featured_media":0,"parent":0,"menu_order":0,"comment_status":"closed","ping_status":"closed","template":"","meta":{"footnotes":""},"class_list":["post-718","page","type-page","status-publish","hentry"],"_links":{"self":[{"href":"https:\/\/restaurant-wildermann.at\/index.php?rest_route=\/wp\/v2\/pages\/718","targetHints":{"allow":["GET"]}}],"collection":[{"href":"https:\/\/restaurant-wildermann.at\/index.php?rest_route=\/wp\/v2\/pages"}],"about":[{"href":"https:\/\/restaurant-wildermann.at\/index.php?rest_route=\/wp\/v2\/types\/page"}],"author":[{"embeddable":true,"href":"https:\/\/restaurant-wildermann.at\/index.php?rest_route=\/wp\/v2\/users\/1"}],"replies":[{"embeddable":true,"href":"https:\/\/restaurant-wildermann.at\/index.php?rest_route=%2Fwp%2Fv2%2Fcomments&post=718"}],"version-history":[{"count":22,"href":"https:\/\/restaurant-wildermann.at\/index.php?rest_route=\/wp\/v2\/pages\/718\/revisions"}],"predecessor-version":[{"id":7967,"href":"https:\/\/restaurant-wildermann.at\/index.php?rest_route=\/wp\/v2\/pages\/718\/revisions\/7967"}],"wp:attachment":[{"href":"https:\/\/restaurant-wildermann.at\/index.php?rest_route=%2Fwp%2Fv2%2Fmedia&parent=718"}],"curies":[{"name":"wp","href":"https:\/\/api.w.org\/{rel}","templated":true}]}}